inder when 1*(-56)/(-10)*5 is divided by 26.
2
Let j = 618 + -539. What is the remainder when 250 is divided by j?
13
Suppose w - 46 = -i, -2*w = 3*w + 2*i - 218. Suppose p + w = 4*p. What is the remainder when p is divided by 3?
2
Let f(z) = 129*z**2 - 2*z - 2. Calculate the remainder when f(1) is divided by 43.
39
Suppose 5*r = -2*t - 21, 5*t - r = -3*r. Suppose -t + 0 = -a. Calculate the remainder when 5 is divided by a*(2 - (-2)/(-4)).
2
Suppose 18*o - 16*o - 2 = 0. Let j = -3 - o. What is the remainder when 38 is divided by ((-6)/j)/((-9)/(-120))?
18
Let q = -6504 - -6684. Suppose -5*b + 66 - 1 = 0. What is the remainder when q is divided by b?
11
Let b(p) = -p + 35. Suppose 6*v - 131 + 29 = 0. Calculate the remainder when 160 is divided by b(v).
16
Suppose 11*x - 46 = -2*g + 16*x, 3*g + 5*x = 69. Calculate the remainder when 1236 is divided by g.
17
Let m(z) = -11*z - 1. Let v(o) = o**2 + 8*o + 12. Let f be v(-5). Calculate the remainder when 93 is divided by m(f).
29
Suppose 4*n - 87 = 125. What is the remainder when 368 is divided by n?
50
Calculate the remainder when ((-8)/28)/(6 + (-2901)/483) is divided by 30.
16
Suppose 21*a - 2853 = -564. What is the remainder when 976 is divided by a?
104
Let z(k) = k**2 - 4*k - 6. What is the remainder when z(-10) is divided by 31?
10
Let t be (-2)/(-1) - 8/4*1. Suppose t*k + k - 118 = -4*u, 0 = 4*u + 3*k - 122. Calculate the remainder when 84 is divided by u.
26
Let q = -8 - 2. What is the remainder when ((-112)/10)/(2/q) is divided by 29?
27
Let c be 5/(-1 + 2) + 0. Suppose -c*d = 2*i + 21, 0 = -i + 5*i - d - 13. Suppose 2*o - 19 = -3*h - i*o, 8 = -4*o. What is the remainder when 25 is divided by h?
7
Let f(k) = -k**3 + 9*k**2 + 2*k - 3. Let a be f(9). Suppose -19 - 11 = -3*p. What is the remainder when p is divided by (-4)/(-90)*-3 + 47/a?
1
Let w(n) = -n - 6. Let q = -7 - 3. Calculate the remainder when (-5)/(-17 - -2)*39 is divided by w(q).
1
Suppose 2*i - r - 35 = 0, 15*i - 3*r = 16*i - 7. Calculate the remainder when 559 is divided by i.
15
Suppose -32*n + 56 = -28*n. Suppose n*a = -a + 135. Suppose 0 = 2*c - 16 - 12. What is the remainder when c is divided by a?
5
Let b = 1501 - 1396. What is the remainder when b is divided by 42?
21
Suppose -497 = -3*h - 167. What is the remainder when h is divided by 56?
54
Let o(c) = 2*c + 20. Suppose x + 832 = 5*x. Calculate the remainder when x is divided by o(11).
40
Suppose 2*n - 34 = -4. Let z(c) = -c**2 - 14*c - 6. Let i(j) = j**3 + 17*j**2 - 19*j - 25. Let v be i(-18). Calculate the remainder when z(v) is divided by n.
13
Let h(y) = 78*y**3 - 2*y**2 + 2. Let j be h(-2). Let m be (-4)/10 + j/(-75). Let g = m + 60. Calculate the remainder when g is divided by 23.
22
Suppose x + 2*x - 39 = 0. Let p = -4 + x. Let w = p - -13. Calculate the remainder when w is divided by 12.
10
Suppose 2031*q = 2026*q + 40. Calculate the remainder when 194 is divided by q.
2
Let u(o) = o**2 + 11*o - 227. Calculate the remainder when u(13) is divided by 30.
25
Let q(t) = -7*t - 69. What is the remainder when 143 is divided by q(-15)?
35
Let d = -174 - -274. Suppose -3*r + i + 73 = 3*i, -4*r = 4*i - d. What is the remainder when r is divided by 12?
11
Let m(j) = j**2 + 5*j + 9. Suppose 18 = -3*s + t + 68, 0 = s - 3*t - 14. What is the remainder when m(-9) is divided by s?
11
Suppose -18*x - 5*q + 4 = -17*x, -2*q = 2*x - 16. Calculate the remainder when 257 is divided by x.
5
Let o = 54 - -99. Calculate the remainder when o is divided by 31.
29
Let b(w) = w**3 + w**2 + w + 1. Let c(u) = 2*u**3 - 9*u**2 + 11*u + 18. Let m(h) = -3*b(h) + c(h). What is the remainder when m(-13) is divided by 41?
39
Suppose c - 73 + 56 = 0. What is the remainder when 134 is divided by c?
15
Suppose -10*o + 13*o - 27 = 0. Let i(u) = 2*u - 14. Let c be i(o). What is the remainder when 99 is divided by 198/8 + c/16?
24
Let q(p) = 20*p - 140. What is the remainder when q(11) is divided by 14?
10
Let b = -12 + 20. Suppose -4*y + 3*h + h = -68, -5*y + 4*h = -83. Calculate the remainder when y is divided by b.
7
Suppose 0 = -i + 69 + 64. Suppose 3*u = -3*y + y + 51, -5*y - 2*u + i = 0. Calculate the remainder when 50 is divided by y.
23
Suppose -637 = -2*j + 83. Suppose 0 = -4*b + 9*b - j. Suppose -3*a = -b - 9. What is the remainder when a is divided by 15?
12
Let z(v) = -6*v**2 + v - 1. Let s be z(3). Let g = -99 - s. Let r = g - -79. Calculate the remainder when r is divided by 5.
2
Let d(k) = -7*k - 38. Let c be d(-6). Suppose -5*m + 47 = y, 0 = 3*m - c*y + 20 - 62. What is the remainder when 23 is divided by m?
3
Let h(c) = -34*c - 12. Suppose 2*b + 5*d = -0*b - 23, -17 = 5*b - d. Calculate the remainder when h(b) is divided by 32.
28
Suppose -7*q = -2*q + 10. Let i be (-23)/(-7) - q/(-7). Suppose -2*g + 60 = i*g. Calculate the remainder when 35 is divided by g.
11
Suppose -4*w + 20 = 0, -6 = 4*f - w + 3*w. Let g be 36 - (f - (-6 - -2)). Suppose -h - 7 = -g. Calculate the remainder when h is divided by 11.
7
Let u(m) = -m**3 - 4*m**2 + 3. Let c be u(-4). Suppose -2*x + 19 = c*a, 0*x - x - 3*a = -2. Calculate the remainder when -1 + x - (-1 - -4) is divided by 5.
3
Suppose 2 = -32*r + 34*r. What is the remainder when (-1)/(r - (-96)/(-92)) is divided by 7?
2
Suppose -2*v = -0*v - 4*y + 860, 5*y = -3*v - 1257. What is the remainder when (-5 - -6)/((-2)/v) is divided by 43?
40
Calculate the remainder when 2763/2*128/192 is divided by 77.
74
Let m be 516/(-15) - (-9)/(-15). Let s = 23 + m. What is the remainder when 16/s*150/(-4) is divided by 13?
11
Let z be -22*(-2 + (3 - 2)). Suppose 0 = -u - 25 - z. Let q = -30 - u. What is the remainder when q is divided by 5?
2
Suppose -l = 3*j - 22, -2*l = -l + j - 28. Calculate the remainder when 113 is divided by l.
20
Let i(s) = -18*s + 4. Let j be i(-5). Let q(c) = 2*c**2 + c - 14. Let a be q(9). Let t = a - j. Calculate the remainder when t is divided by 16.
15
Let s(x) = -x**2 + 29*x + 23. Calculate the remainder when 201 is divided by s(29).
17
Let n(g) = g**3 - 15*g**2 - 16*g + 39. Let t be n(16). Suppose -2*c - 4*k + 14 = 0, 4*c = -2*k + 13 + t. Calculate the remainder when 88 is divided by c.
13
Suppose 4*b + 414 = 10*b. Suppose -183 = -5*z + k - b, -z + 38 = -4*k. What is the remainder when z is divided by 8?
6
Let t(b) = b**3 + 10*b**2 - 3*b - 18. Let f be 3/(-18) + (-531)/54. Calculate the remainder when 33 is divided by t(f).
9
Let h(w) be the second derivative of -1/10*w**5 - 1/4*w**4 + w + 1/6*w**3 + 0 + 2*w**2. What is the remainder when 51 is divided by h(-3)?
23
Let p(w) = 2*w**3 - 4*w**2 - 16*w + 63. What is the remainder when p(3) is divided by 28?
5
Let h(q) = q**2 - 9*q + 9. Let y be h(7). Let b(n) = -2*n - 6. Let x be b(y). Calculate the remainder when x/2 + (-665)/(-19) is divided by 10.
7
Let j = 10226 + -10090. Suppose 3*n = -t + 109, n = -0*n + 2*t + 27. Calculate the remainder when j is divided by n.
31
Let w(v) = v**2 - 2*v. Let o be w(7). Let s = o - 25. What is the remainder when 57 is divided by s?
7
Let d(g) = g**2 + 3*g - 6. Let w be d(-5). Suppose 3*f = -u + 8, -4*f - w = -3*f. What is the remainder when 29 is divided by u?
9
Let m(f) = -2*f - 12. Let x be m(-10). Let p be (8 - 7)/((-1)/(-25)). Suppose 0 = x*b - 3*b - p. Calculate the remainder when 9 is divided by b.
4
Suppose -66 = 5*o - 536. Let q(d) = -d + 34. Calculate the remainder when o is divided by q(-15).
45
Let i = -49 + 51. What is the remainder when 3 + (-464)/(-4) + i/1 is divided by 41?
39
Suppose 0 = -a + 2*u + 3*u - 18, a + 16 = 4*u. Let r be 172/22 - a/44. Suppose -r*o + 7*o = -29. What is the remainder when o is divided by 16?
13
Let w(q) = -q**3 - 32*q**2 + 39*q + 207. Let v = 0 + 13. Calculate the remainder when v is divided by w(-33).
4
Let z = -2 - -24. Let a(i) = -13*i + 55. Calculate the remainder when a(-4) is divided by z.
19
Let v(p) = p**2 + 2*p - 4. Calculate the remainder when v(-5) is divided by (((-14)/(-4))/(-1))/((-9)/18).
4
What is the remainder when (80/(-140) + (-589)/(-14))*2 is divided by 30?
23
Suppose 3*h = c + 7*h - 40, 5*c - 108 = 3*h. Suppose 7 - 1 = -o + 5*b, -2*o + b + c = 0. Calculate the remainder when (-4)/6*(-477)/6 is divided by o.
11
Suppose -4*w + 5 = -3. Suppose 805 = 3*i + w*i. Calculate the remainder when i 